{"id":4669,"date":"2025-10-03T15:27:17","date_gmt":"2025-10-03T13:27:17","guid":{"rendered":"https:\/\/carea-facade.com\/aspect\/schiste\/"},"modified":"2025-11-03T15:40:52","modified_gmt":"2025-11-03T14:40:52","slug":"schiste","status":"publish","type":"aspect","link":"https:\/\/carea-facade.com\/fr\/aspects\/schiste\/","title":{"rendered":"SCHISTE &#8211; Min\u00e9ral"},"content":{"rendered":"","protected":false},"excerpt":{"rendered":"","protected":false},"featured_media":0,"parent":0,"template":"","meta":{"_acf_changed":true},"inspiration":[16],"class_list":["post-4669","aspect","type-aspect","status-publish","hentry","inspiration-bardage-parements-facade-minerale"],"acf":[],"yoast_head":"<!-- This site is optimized with the Yoast SEO plugin v27.4 - https:\/\/yoast.com\/product\/yoast-seo-wordpress\/ -->\n<title>Parement Fa\u00e7ade, Bardage SCHISTE - Avec ou sans Ossature. Architecte, ma\u00eetre d&#039;ouvrage<\/title>\n<meta name=\"description\" content=\"CAREA FACADE - Nos parements de fa\u00e7ade en Min\u00e9ral Composite d&#039;ASPECT SCHISTE. Bardage Isolation Thermique par l&#039;Ext\u00e9rieur (ITE) : demandez la CAREA Box.\" \/>\n<meta name=\"robots\" content=\"index, follow, max-snippet:-1, max-image-preview:large, max-video-preview:-1\" \/>\n<link rel=\"canonical\" href=\"https:\/\/carea-facade.com\/fr\/aspects\/schiste\/\" \/>\n<meta property=\"og:locale\" content=\"fr_FR\" \/>\n<meta property=\"og:type\" content=\"article\" \/>\n<meta property=\"og:title\" content=\"Parement Fa\u00e7ade, Bardage SCHISTE - Avec ou sans Ossature. Architecte, ma\u00eetre d&#039;ouvrage\" \/>\n<meta property=\"og:description\" content=\"CAREA FACADE - Nos parements de fa\u00e7ade en Min\u00e9ral Composite d&#039;ASPECT SCHISTE. Bardage Isolation Thermique par l&#039;Ext\u00e9rieur (ITE) : demandez la CAREA Box.\" \/>\n<meta property=\"og:url\" content=\"https:\/\/carea-facade.com\/fr\/aspects\/schiste\/\" \/>\n<meta property=\"og:site_name\" content=\"Carea facade\" \/>\n<meta property=\"article:modified_time\" content=\"2025-11-03T14:40:52+00:00\" \/>\n<meta name=\"twitter:card\" content=\"summary_large_image\" \/>\n<script type=\"application\/ld+json\" class=\"yoast-schema-graph\">{\"@context\":\"https:\\\/\\\/schema.org\",\"@graph\":[{\"@type\":\"WebPage\",\"@id\":\"https:\\\/\\\/carea-facade.com\\\/fr\\\/aspects\\\/schiste\\\/\",\"url\":\"https:\\\/\\\/carea-facade.com\\\/fr\\\/aspects\\\/schiste\\\/\",\"name\":\"Parement Fa\u00e7ade, Bardage SCHISTE - Avec ou sans Ossature. Architecte, ma\u00eetre d'ouvrage\",\"isPartOf\":{\"@id\":\"https:\\\/\\\/carea-facade.com\\\/fr\\\/#website\"},\"datePublished\":\"2025-10-03T13:27:17+00:00\",\"dateModified\":\"2025-11-03T14:40:52+00:00\",\"description\":\"CAREA FACADE - Nos parements de fa\u00e7ade en Min\u00e9ral Composite d'ASPECT SCHISTE. Bardage Isolation Thermique par l'Ext\u00e9rieur (ITE) : demandez la CAREA Box.\",\"breadcrumb\":{\"@id\":\"https:\\\/\\\/carea-facade.com\\\/fr\\\/aspects\\\/schiste\\\/#breadcrumb\"},\"inLanguage\":\"fr-FR\",\"potentialAction\":[{\"@type\":\"ReadAction\",\"target\":[\"https:\\\/\\\/carea-facade.com\\\/fr\\\/aspects\\\/schiste\\\/\"]}]},{\"@type\":\"BreadcrumbList\",\"@id\":\"https:\\\/\\\/carea-facade.com\\\/fr\\\/aspects\\\/schiste\\\/#breadcrumb\",\"itemListElement\":[{\"@type\":\"ListItem\",\"position\":1,\"name\":\"Accueil\",\"item\":\"https:\\\/\\\/carea-facade.com\\\/fr\\\/home\\\/\"},{\"@type\":\"ListItem\",\"position\":2,\"name\":\"Aspects\",\"item\":\"https:\\\/\\\/carea-facade.com\\\/fr\\\/aspects\\\/\"},{\"@type\":\"ListItem\",\"position\":3,\"name\":\"Min\u00e9rale\",\"item\":\"https:\\\/\\\/carea-facade.com\\\/fr\\\/inspiration\\\/bardage-parements-facade-minerale\\\/\"},{\"@type\":\"ListItem\",\"position\":4,\"name\":\"SCHISTE &#8211; Min\u00e9ral\"}]},{\"@type\":\"WebSite\",\"@id\":\"https:\\\/\\\/carea-facade.com\\\/fr\\\/#website\",\"url\":\"https:\\\/\\\/carea-facade.com\\\/fr\\\/\",\"name\":\"Carea facade\",\"description\":\"\",\"publisher\":{\"@id\":\"https:\\\/\\\/carea-facade.com\\\/fr\\\/#organization\"},\"potentialAction\":[{\"@type\":\"SearchAction\",\"target\":{\"@type\":\"EntryPoint\",\"urlTemplate\":\"https:\\\/\\\/carea-facade.com\\\/fr\\\/?s={search_term_string}\"},\"query-input\":{\"@type\":\"PropertyValueSpecification\",\"valueRequired\":true,\"valueName\":\"search_term_string\"}}],\"inLanguage\":\"fr-FR\"},{\"@type\":\"Organization\",\"@id\":\"https:\\\/\\\/carea-facade.com\\\/fr\\\/#organization\",\"name\":\"Carea facade\",\"url\":\"https:\\\/\\\/carea-facade.com\\\/fr\\\/\",\"logo\":{\"@type\":\"ImageObject\",\"inLanguage\":\"fr-FR\",\"@id\":\"https:\\\/\\\/carea-facade.com\\\/fr\\\/#\\\/schema\\\/logo\\\/image\\\/\",\"url\":\"https:\\\/\\\/carea-facade.com\\\/wp-content\\\/uploads\\\/2025\\\/10\\\/logo-carea.svg\",\"contentUrl\":\"https:\\\/\\\/carea-facade.com\\\/wp-content\\\/uploads\\\/2025\\\/10\\\/logo-carea.svg\",\"width\":131,\"height\":95,\"caption\":\"Carea facade\"},\"image\":{\"@id\":\"https:\\\/\\\/carea-facade.com\\\/fr\\\/#\\\/schema\\\/logo\\\/image\\\/\"}}]}<\/script>\n<!-- \/ Yoast SEO plugin. -->","yoast_head_json":{"title":"Parement Fa\u00e7ade, Bardage SCHISTE - Avec ou sans Ossature. Architecte, ma\u00eetre d'ouvrage","description":"CAREA FACADE - Nos parements de fa\u00e7ade en Min\u00e9ral Composite d'ASPECT SCHISTE. Bardage Isolation Thermique par l'Ext\u00e9rieur (ITE) : demandez la CAREA Box.","robots":{"index":"index","follow":"follow","max-snippet":"max-snippet:-1","max-image-preview":"max-image-preview:large","max-video-preview":"max-video-preview:-1"},"canonical":"https:\/\/carea-facade.com\/fr\/aspects\/schiste\/","og_locale":"fr_FR","og_type":"article","og_title":"Parement Fa\u00e7ade, Bardage SCHISTE - Avec ou sans Ossature. Architecte, ma\u00eetre d'ouvrage","og_description":"CAREA FACADE - Nos parements de fa\u00e7ade en Min\u00e9ral Composite d'ASPECT SCHISTE. Bardage Isolation Thermique par l'Ext\u00e9rieur (ITE) : demandez la CAREA Box.","og_url":"https:\/\/carea-facade.com\/fr\/aspects\/schiste\/","og_site_name":"Carea facade","article_modified_time":"2025-11-03T14:40:52+00:00","twitter_card":"summary_large_image","schema":{"@context":"https:\/\/schema.org","@graph":[{"@type":"WebPage","@id":"https:\/\/carea-facade.com\/fr\/aspects\/schiste\/","url":"https:\/\/carea-facade.com\/fr\/aspects\/schiste\/","name":"Parement Fa\u00e7ade, Bardage SCHISTE - Avec ou sans Ossature. Architecte, ma\u00eetre d'ouvrage","isPartOf":{"@id":"https:\/\/carea-facade.com\/fr\/#website"},"datePublished":"2025-10-03T13:27:17+00:00","dateModified":"2025-11-03T14:40:52+00:00","description":"CAREA FACADE - Nos parements de fa\u00e7ade en Min\u00e9ral Composite d'ASPECT SCHISTE. Bardage Isolation Thermique par l'Ext\u00e9rieur (ITE) : demandez la CAREA Box.","breadcrumb":{"@id":"https:\/\/carea-facade.com\/fr\/aspects\/schiste\/#breadcrumb"},"inLanguage":"fr-FR","potentialAction":[{"@type":"ReadAction","target":["https:\/\/carea-facade.com\/fr\/aspects\/schiste\/"]}]},{"@type":"BreadcrumbList","@id":"https:\/\/carea-facade.com\/fr\/aspects\/schiste\/#breadcrumb","itemListElement":[{"@type":"ListItem","position":1,"name":"Accueil","item":"https:\/\/carea-facade.com\/fr\/home\/"},{"@type":"ListItem","position":2,"name":"Aspects","item":"https:\/\/carea-facade.com\/fr\/aspects\/"},{"@type":"ListItem","position":3,"name":"Min\u00e9rale","item":"https:\/\/carea-facade.com\/fr\/inspiration\/bardage-parements-facade-minerale\/"},{"@type":"ListItem","position":4,"name":"SCHISTE &#8211; Min\u00e9ral"}]},{"@type":"WebSite","@id":"https:\/\/carea-facade.com\/fr\/#website","url":"https:\/\/carea-facade.com\/fr\/","name":"Carea facade","description":"","publisher":{"@id":"https:\/\/carea-facade.com\/fr\/#organization"},"potentialAction":[{"@type":"SearchAction","target":{"@type":"EntryPoint","urlTemplate":"https:\/\/carea-facade.com\/fr\/?s={search_term_string}"},"query-input":{"@type":"PropertyValueSpecification","valueRequired":true,"valueName":"search_term_string"}}],"inLanguage":"fr-FR"},{"@type":"Organization","@id":"https:\/\/carea-facade.com\/fr\/#organization","name":"Carea facade","url":"https:\/\/carea-facade.com\/fr\/","logo":{"@type":"ImageObject","inLanguage":"fr-FR","@id":"https:\/\/carea-facade.com\/fr\/#\/schema\/logo\/image\/","url":"https:\/\/carea-facade.com\/wp-content\/uploads\/2025\/10\/logo-carea.svg","contentUrl":"https:\/\/carea-facade.com\/wp-content\/uploads\/2025\/10\/logo-carea.svg","width":131,"height":95,"caption":"Carea facade"},"image":{"@id":"https:\/\/carea-facade.com\/fr\/#\/schema\/logo\/image\/"}}]}},"_links":{"self":[{"href":"https:\/\/carea-facade.com\/fr\/wp-json\/wp\/v2\/aspect\/4669","targetHints":{"allow":["GET"]}}],"collection":[{"href":"https:\/\/carea-facade.com\/fr\/wp-json\/wp\/v2\/aspect"}],"about":[{"href":"https:\/\/carea-facade.com\/fr\/wp-json\/wp\/v2\/types\/aspect"}],"wp:attachment":[{"href":"https:\/\/carea-facade.com\/fr\/wp-json\/wp\/v2\/media?parent=4669"}],"wp:term":[{"taxonomy":"inspiration","embeddable":true,"href":"https:\/\/carea-facade.com\/fr\/wp-json\/wp\/v2\/inspiration?post=4669"}],"curies":[{"name":"wp","href":"https:\/\/api.w.org\/{rel}","templated":true}]}}

SCHISTE &#8211; Minéral

<!-- This site is optimized with the Yoast SEO plugin v27.4 - https://yoast.com/product/yoast-seo-wordpress/ -->
<title>Parement Façade, Bardage SCHISTE - Avec ou sans Ossature. Architecte, maître d&#039;ouvrage</title>
<meta name="description" content="CAREA FACADE - Nos parements de façade en Minéral Composite d&#039;ASPECT SCHISTE. Bardage Isolation Thermique par l&#039;Extérieur (ITE) : demandez la CAREA Box." />
<meta name="robots" content="index, follow, max-snippet:-1, max-image-preview:large, max-video-preview:-1" />
<link rel="canonical" href="https://carea-facade.com/fr/aspects/schiste/" />
<meta property="og:locale" content="fr_FR" />
<meta property="og:type" content="article" />
<meta property="og:title" content="Parement Façade, Bardage SCHISTE - Avec ou sans Ossature. Architecte, maître d&#039;ouvrage" />
<meta property="og:description" content="CAREA FACADE - Nos parements de façade en Minéral Composite d&#039;ASPECT SCHISTE. Bardage Isolation Thermique par l&#039;Extérieur (ITE) : demandez la CAREA Box." />
<meta property="og:url" content="https://carea-facade.com/fr/aspects/schiste/" />
<meta property="og:site_name" content="Carea facade" />
<meta property="article:modified_time" content="2025-11-03T14:40:52+00:00" />
<meta name="twitter:card" content="summary_large_image" />
<script type="application/ld+json" class="yoast-schema-graph">{"@context":"https:\/\/schema.org","@graph":[{"@type":"WebPage","@id":"https:\/\/carea-facade.com\/fr\/aspects\/schiste\/","url":"https:\/\/carea-facade.com\/fr\/aspects\/schiste\/","name":"Parement Façade, Bardage SCHISTE - Avec ou sans Ossature. Architecte, maître d'ouvrage","isPartOf":{"@id":"https:\/\/carea-facade.com\/fr\/#website"},"datePublished":"2025-10-03T13:27:17+00:00","dateModified":"2025-11-03T14:40:52+00:00","description":"CAREA FACADE - Nos parements de façade en Minéral Composite d'ASPECT SCHISTE. Bardage Isolation Thermique par l'Extérieur (ITE) : demandez la CAREA Box.","breadcrumb":{"@id":"https:\/\/carea-facade.com\/fr\/aspects\/schiste\/#breadcrumb"},"inLanguage":"fr-FR","potentialAction":[{"@type":"ReadAction","target":["https:\/\/carea-facade.com\/fr\/aspects\/schiste\/"]}]},{"@type":"BreadcrumbList","@id":"https:\/\/carea-facade.com\/fr\/aspects\/schiste\/#breadcrumb","itemListElement":[{"@type":"ListItem","position":1,"name":"Accueil","item":"https:\/\/carea-facade.com\/fr\/home\/"},{"@type":"ListItem","position":2,"name":"Aspects","item":"https:\/\/carea-facade.com\/fr\/aspects\/"},{"@type":"ListItem","position":3,"name":"Minérale","item":"https:\/\/carea-facade.com\/fr\/inspiration\/bardage-parements-facade-minerale\/"},{"@type":"ListItem","position":4,"name":"SCHISTE &#8211; Minéral"}]},{"@type":"WebSite","@id":"https:\/\/carea-facade.com\/fr\/#website","url":"https:\/\/carea-facade.com\/fr\/","name":"Carea facade","description":"","publisher":{"@id":"https:\/\/carea-facade.com\/fr\/#organization"},"potentialAction":[{"@type":"SearchAction","target":{"@type":"EntryPoint","urlTemplate":"https:\/\/carea-facade.com\/fr\/?s={search_term_string}"},"query-input":{"@type":"PropertyValueSpecification","valueRequired":true,"valueName":"search_term_string"}}],"inLanguage":"fr-FR"},{"@type":"Organization","@id":"https:\/\/carea-facade.com\/fr\/#organization","name":"Carea facade","url":"https:\/\/carea-facade.com\/fr\/","logo":{"@type":"ImageObject","inLanguage":"fr-FR","@id":"https:\/\/carea-facade.com\/fr\/#\/schema\/logo\/image\/","url":"https:\/\/carea-facade.com\/wp-content\/uploads\/2025\/10\/logo-carea.svg","contentUrl":"https:\/\/carea-facade.com\/wp-content\/uploads\/2025\/10\/logo-carea.svg","width":131,"height":95,"caption":"Carea facade"},"image":{"@id":"https:\/\/carea-facade.com\/fr\/#\/schema\/logo\/image\/"}}]}</script>
<!-- / Yoast SEO plugin. -->

Parement Façade, Bardage SCHISTE - Avec ou sans Ossature. Architecte, maître d'ouvrage

CAREA FACADE - Nos parements de façade en Minéral Composite d'ASPECT SCHISTE. Bardage Isolation Thermique par l'Extérieur (ITE) : demandez la CAREA Box.

Minérale
